{"id":131,"date":"2019-07-21T18:00:22","date_gmt":"2019-07-21T16:00:22","guid":{"rendered":"https:\/\/www.asenglish.pl\/szkola\/?page_id=131"},"modified":"2019-08-10T15:40:54","modified_gmt":"2019-08-10T13:40:54","slug":"kontakt","status":"publish","type":"page","link":"https:\/\/www.asenglish.pl\/szkola\/kontakt\/","title":{"rendered":"Kontakt szko\u0142a j\u0119zykowa J\u00f3zef\u00f3w"},"content":{"rendered":"<p>&nbsp;<\/p>\n<h1><strong>Kontakt z AS School of English<\/strong><\/h1>\n\t\t\t<div class=\"wps-shortcode-wrapper wps-row \" id=\"wps-row\">\n\t\t\t\t\t\t\t<div class=\"wps-column wps-shortcode-wrapper wps-column-size-1-2 \">\n\t\t\t\t<div class=\"wps-column-inner\">\t\t\t<span class=\"wps-shortcode-wrapper wps-icon \" id=\"wps-icon\" style=\"display: inline-block; background-color: ; padding: 0px; font-size: 17px; color: #1b5f7d; min-width: 1em; min-height: 1em; text-align: center;\">\n\t\t\t\t<i class=\"fa fa-university\"><\/i>\t\t\t<\/span>\n\t\t<strong>AS School of English<\/strong><br \/>\nul. Armii Krajowej 28a<br \/>\n05-410 J\u00f3zef\u00f3w<br \/>\nPolska<br \/>\nBiuro czynne <strong>pn-pt 10-18<\/strong>, <strong>sb 10-14<\/strong><br \/>\n<a title=\"Google Maps\" href=\"https:\/\/goo.gl\/maps\/4mQp6dJGDGU2\" target=\"_blank\" rel=\"nofollow noopener noreferrer\"><img decoding=\"async\" class=\"size-full wp-image-1040\" src=\"https:\/\/www.asenglish.pl\/wp-content\/uploads\/2018\/06\/google-maps.png\" alt=\"Znajd\u017a nas na mapie Google\" align=\"absmiddle\" width=\"29\" height=\"28\"><\/a>&nbsp;<a title=\"AS School of English na mapie Google\" href=\"https:\/\/goo.gl\/maps\/4mQp6dJGDGU2\" target=\"_blank\" rel=\"nofollow noopener noreferrer\">Lokalizacja na mapie Google<\/a><\/p>\n<p>\t\t\t<span class=\"wps-shortcode-wrapper wps-icon \" id=\"wps-icon\" style=\"display: inline-block; background-color: ; padding: 0px; font-size: 18px; color: #1b5f7d; min-width: 1em; min-height: 1em; text-align: center;\">\n\t\t\t\t<i class=\"fa fa-envelope\"><\/i>\t\t\t<\/span>\n\t\t&nbsp;<a title =\"Napisz maila do AS School of English\" href=\"mailto:biuro@asenglish.pl\">biuro@asenglish.pl<\/a><br \/>\n\t\t\t<span class=\"wps-shortcode-wrapper wps-icon \" id=\"wps-icon\" style=\"display: inline-block; background-color: ; padding: 0px; font-size: 18px; color: #1b5f7d; min-width: 1em; min-height: 1em; text-align: center;\">\n\t\t\t\t<i class=\"fa fa-phone\"><\/i>\t\t\t<\/span>\n\t\t&nbsp;22 7893786<br \/>\n\t\t\t<span class=\"wps-shortcode-wrapper wps-icon \" id=\"wps-icon\" style=\"display: inline-block; background-color: ; padding: 0px; font-size: 18px; color: #1b5f7d; min-width: 1em; min-height: 1em; text-align: center;\">\n\t\t\t\t<i class=\"fa fa-fax\"><\/i>\t\t\t<\/span>\n\t\t&nbsp;22 7893786<br \/>\n\t\t\t<span class=\"wps-shortcode-wrapper wps-icon \" id=\"wps-icon\" style=\"display: inline-block; background-color: ; padding: 0px; font-size: 18px; color: #1b5f7d; min-width: 1em; min-height: 1em; text-align: center;\">\n\t\t\t\t<i class=\"fa fa-mobile-phone\"><\/i>\t\t\t<\/span>\n\t\t&nbsp;508 348 681<br \/>\n\t\t\t<span class=\"wps-shortcode-wrapper wps-icon \" id=\"wps-icon\" style=\"display: inline-block; background-color: ; padding: 0px; font-size: 18px; color: #1b5f7d; min-width: 1em; min-height: 1em; text-align: center;\">\n\t\t\t\t<i class=\"fa fa-external-link\"><\/i>\t\t\t<\/span>\n\t\t&nbsp;<a title=\"Strona g\u0142\u00f3wna serwisu szko\u0142y j\u0119zykowej AS School of English\" href=\"https:\/\/www.asenglish.pl\/szkola\/\">https:\/\/www.asenglish.pl\/szkola\/<\/a><\/p>\n<p>Skontaktuj si\u0119 z nami on-line poprzez <a href=\"https:\/\/www.messenger.com\/t\/asenglish\" target=\"_blank\" rel=\"nofollow noopener noreferrer\"><img decoding=\"async\" class=\"size-full wp-image-1080\" src=\"https:\/\/www.asenglish.pl\/wp-content\/uploads\/2018\/06\/messenger.png\" title=\"Messenger\" alt=\"Skontaktuj si\u0119 z nami przez Messenger\" align=\"absmiddle\" width=\"28\" height=\"28\"><\/a>&nbsp;<a title=\"Zadaj pytanie na Messengerze\" href=\"https:\/\/www.messenger.com\/t\/asenglish\" target=\"_blank\" rel=\"nofollow noopener noreferrer\">Messenger<\/a><\/p>\n<p><div id=\"fb-root\"><\/div>\n            <script>(function(d, s, id) {\n              var js, fjs = d.getElementsByTagName(s)[0];\n              if (d.getElementById(id)) return;\n              js = d.createElement(s); js.id = id;\n              js.async=true; \n              js.src = \"\/\/connect.facebook.net\/pl_PL\/all.js#xfbml=1&appId=OPTIONAL_SEE_FAQ\";\n              fjs.parentNode.insertBefore(js, fjs);\n            }(document, 'script', 'facebook-jssdk'));<\/script> <div class=\"efbl-like-box 1\">\n                  <div class=\"fb-page\" data-animclass=\"fadeIn\" data-href=\"https:\/\/www.facebook.com\/asenglish\" data-hide-cover=false data-width=\"470\"   data-height=\"395\" data-show-facepile=true  data-show-posts=true data-adapt-container-width=true data-hide-cta=false data-small-header=\"false\">\n                  <\/div> \n                  \n               <\/div>\n            <\/div>\n\t\t\t<\/div>\n\t\t\t\t\t<div class=\"wps-column wps-shortcode-wrapper wps-column-size-1-2 \">\n\t\t\t\t<div class=\"wps-column-inner\">\n<div class=\"wpcf7 no-js\" id=\"wpcf7-f80-o1\" lang=\"pl-PL\" dir=\"ltr\" data-wpcf7-id=\"80\">\n<div class=\"screen-reader-response\"><p role=\"status\" aria-live=\"polite\" aria-atomic=\"true\"><\/p> <ul><\/ul><\/div>\n<form action=\"\/szkola\/wp-json\/wp\/v2\/pages\/131#wpcf7-f80-o1\" method=\"post\" class=\"wpcf7-form init\" aria-label=\"Formularz kontaktowy\" novalidate=\"novalidate\" data-status=\"init\">\n<fieldset class=\"hidden-fields-container\"><input type=\"hidden\" name=\"_wpcf7\" value=\"80\" \/><input type=\"hidden\" name=\"_wpcf7_version\" value=\"6.1.2\" \/><input type=\"hidden\" name=\"_wpcf7_locale\" value=\"pl_PL\" \/><input type=\"hidden\" name=\"_wpcf7_unit_tag\" value=\"wpcf7-f80-o1\" \/><input type=\"hidden\" name=\"_wpcf7_container_post\" value=\"0\" \/><input type=\"hidden\" name=\"_wpcf7_posted_data_hash\" value=\"\" \/>\n<\/fieldset>\n<h2>Formularz kontaktowy\n<\/h2>\n<p><label> Imi\u0119 i nazwisko (wymagane)<br \/>\n<span class=\"wpcf7-form-control-wrap\" data-name=\"your-name\"><input size=\"40\" maxlength=\"400\" class=\"wpcf7-form-control wpcf7-text wpcf7-validates-as-required\" aria-required=\"true\" aria-invalid=\"false\" value=\"\" type=\"text\" name=\"your-name\" \/><\/span> <\/label>\n<\/p>\n<p><label> Adres email (wymagane)<br \/>\n<span class=\"wpcf7-form-control-wrap\" data-name=\"your-email\"><input size=\"40\" maxlength=\"400\" class=\"wpcf7-form-control wpcf7-email wpcf7-validates-as-required wpcf7-text wpcf7-validates-as-email\" aria-required=\"true\" aria-invalid=\"false\" value=\"\" type=\"email\" name=\"your-email\" \/><\/span> <\/label>\n<\/p>\n<p><label> Tre\u015b\u0107 wiadomo\u015bci<br \/>\n<span class=\"wpcf7-form-control-wrap\" data-name=\"your-message\"><textarea cols=\"40\" rows=\"10\" maxlength=\"2000\" class=\"wpcf7-form-control wpcf7-textarea\" aria-invalid=\"false\" name=\"your-message\"><\/textarea><\/span> <\/label>\n<\/p>\n<p><small>Powy\u017cszy formularz ma charakter wy\u0142\u0105cznie kontaktowy. Po jego wype\u0142nieniu i wys\u0142aniu, na Pa\u0144stwa adres mailowy zostanie przes\u0142ana odpowied\u017a na zadane pytanie. Wype\u0142nienie p\u00f3l \"Imi\u0119 i nazwisko\" oraz \"Adres email\" jest wymagane aby wys\u0142a\u0107 formularz i r\u00f3wnoznaczne ze zgod\u0105 na przetwarzanie przez AS School of English podanych przez Pa\u0144stwa danych osobowych w celu obs\u0142ugi zapytania oraz na prowadzenie wobec Pa\u0144stwa dzia\u0142a\u0144 marketingowych. Dane te nie b\u0119d\u0105 wykorzystywane w \u017cadnym innym celu oraz nie b\u0119d\u0105 udost\u0119pniane \u017cadnym innym podmiotom.<\/small>\n<\/p>\n<p><input class=\"wpcf7-form-control wpcf7-submit has-spinner\" type=\"submit\" value=\"Wy\u015blij\" \/>\n<\/p><p style=\"display: none !important;\" class=\"akismet-fields-container\" data-prefix=\"_wpcf7_ak_\"><label>&#916;<textarea name=\"_wpcf7_ak_hp_textarea\" cols=\"45\" rows=\"8\" maxlength=\"100\"><\/textarea><\/label><input type=\"hidden\" id=\"ak_js_1\" name=\"_wpcf7_ak_js\" value=\"147\"\/><script>document.getElementById( \"ak_js_1\" ).setAttribute( \"value\", ( new Date() ).getTime() );<\/script><\/p><div class=\"wpcf7-response-output\" aria-hidden=\"true\"><\/div>\n<\/form>\n<\/div>\n<\/div>\n\t\t\t<\/div>\n\t\t\t\t\t<\/div>\n\t\t\t\n","protected":false},"excerpt":{"rendered":"<p>&nbsp; Kontakt z AS School of English<\/p>\n","protected":false},"author":1,"featured_media":0,"parent":0,"menu_order":0,"comment_status":"closed","ping_status":"closed","template":"","meta":{"neve_meta_sidebar":"","neve_meta_container":"","neve_meta_enable_content_width":"","neve_meta_content_width":70,"neve_meta_title_alignment":"","neve_meta_author_avatar":"","neve_post_elements_order":"","neve_meta_disable_header":"","neve_meta_disable_footer":"","neve_meta_disable_title":"on","footnotes":""},"class_list":["post-131","page","type-page","status-publish","hentry"],"yoast_head":"<!-- This site is optimized with the Yoast SEO plugin v26.2 - https:\/\/yoast.com\/wordpress\/plugins\/seo\/ -->\n<title>Kontakt szko\u0142a j\u0119zykowa J\u00f3zef\u00f3w - AS School of English<\/title>\n<meta name=\"description\" content=\"Kontakt ze szko\u0142\u0105 j\u0119zykow\u0105 AS School of English w J\u00f3zefowie ko\u0142o Warszawy.\" \/>\n<meta name=\"robots\" content=\"index, follow, max-snippet:-1, max-image-preview:large, max-video-preview:-1\" \/>\n<link rel=\"canonical\" href=\"https:\/\/www.asenglish.pl\/szkola\/kontakt\/\" \/>\n<meta property=\"og:locale\" content=\"pl_PL\" \/>\n<meta property=\"og:type\" content=\"article\" \/>\n<meta property=\"og:title\" content=\"Kontakt szko\u0142a j\u0119zykowa J\u00f3zef\u00f3w - AS School of English\" \/>\n<meta property=\"og:description\" content=\"Kontakt ze szko\u0142\u0105 j\u0119zykow\u0105 AS School of English w J\u00f3zefowie ko\u0142o Warszawy.\" \/>\n<meta property=\"og:url\" content=\"https:\/\/www.asenglish.pl\/szkola\/kontakt\/\" \/>\n<meta property=\"og:site_name\" content=\"AS School of English\" \/>\n<meta property=\"article:modified_time\" content=\"2019-08-10T13:40:54+00:00\" \/>\n<meta property=\"og:image\" content=\"https:\/\/www.asenglish.pl\/wp-content\/uploads\/2018\/06\/google-maps.png\" \/>\n<meta name=\"twitter:card\" content=\"summary_large_image\" \/>\n<meta name=\"twitter:label1\" content=\"Szacowany czas czytania\" \/>\n\t<meta name=\"twitter:data1\" content=\"1 minuta\" \/>\n<script type=\"application\/ld+json\" class=\"yoast-schema-graph\">{\"@context\":\"https:\/\/schema.org\",\"@graph\":[{\"@type\":\"WebPage\",\"@id\":\"https:\/\/www.asenglish.pl\/szkola\/kontakt\/\",\"url\":\"https:\/\/www.asenglish.pl\/szkola\/kontakt\/\",\"name\":\"Kontakt szko\u0142a j\u0119zykowa J\u00f3zef\u00f3w - AS School of English\",\"isPartOf\":{\"@id\":\"https:\/\/www.asenglish.pl\/szkola\/#website\"},\"primaryImageOfPage\":{\"@id\":\"https:\/\/www.asenglish.pl\/szkola\/kontakt\/#primaryimage\"},\"image\":{\"@id\":\"https:\/\/www.asenglish.pl\/szkola\/kontakt\/#primaryimage\"},\"thumbnailUrl\":\"https:\/\/www.asenglish.pl\/wp-content\/uploads\/2018\/06\/google-maps.png\",\"datePublished\":\"2019-07-21T16:00:22+00:00\",\"dateModified\":\"2019-08-10T13:40:54+00:00\",\"description\":\"Kontakt ze szko\u0142\u0105 j\u0119zykow\u0105 AS School of English w J\u00f3zefowie ko\u0142o Warszawy.\",\"breadcrumb\":{\"@id\":\"https:\/\/www.asenglish.pl\/szkola\/kontakt\/#breadcrumb\"},\"inLanguage\":\"pl-PL\",\"potentialAction\":[{\"@type\":\"ReadAction\",\"target\":[\"https:\/\/www.asenglish.pl\/szkola\/kontakt\/\"]}]},{\"@type\":\"ImageObject\",\"inLanguage\":\"pl-PL\",\"@id\":\"https:\/\/www.asenglish.pl\/szkola\/kontakt\/#primaryimage\",\"url\":\"https:\/\/www.asenglish.pl\/wp-content\/uploads\/2018\/06\/google-maps.png\",\"contentUrl\":\"https:\/\/www.asenglish.pl\/wp-content\/uploads\/2018\/06\/google-maps.png\"},{\"@type\":\"BreadcrumbList\",\"@id\":\"https:\/\/www.asenglish.pl\/szkola\/kontakt\/#breadcrumb\",\"itemListElement\":[{\"@type\":\"ListItem\",\"position\":1,\"name\":\"Strona g\u0142\u00f3wna\",\"item\":\"https:\/\/www.asenglish.pl\/szkola\/\"},{\"@type\":\"ListItem\",\"position\":2,\"name\":\"Kontakt szko\u0142a j\u0119zykowa J\u00f3zef\u00f3w\"}]},{\"@type\":\"WebSite\",\"@id\":\"https:\/\/www.asenglish.pl\/szkola\/#website\",\"url\":\"https:\/\/www.asenglish.pl\/szkola\/\",\"name\":\"AS School of English\",\"description\":\"Szko\u0142a j\u0119zykowa w J\u00f3zefowie ko\u0142o Warszawy\",\"publisher\":{\"@id\":\"https:\/\/www.asenglish.pl\/szkola\/#organization\"},\"potentialAction\":[{\"@type\":\"SearchAction\",\"target\":{\"@type\":\"EntryPoint\",\"urlTemplate\":\"https:\/\/www.asenglish.pl\/szkola\/?s={search_term_string}\"},\"query-input\":{\"@type\":\"PropertyValueSpecification\",\"valueRequired\":true,\"valueName\":\"search_term_string\"}}],\"inLanguage\":\"pl-PL\"},{\"@type\":\"Organization\",\"@id\":\"https:\/\/www.asenglish.pl\/szkola\/#organization\",\"name\":\"AS School of English\",\"url\":\"https:\/\/www.asenglish.pl\/szkola\/\",\"logo\":{\"@type\":\"ImageObject\",\"inLanguage\":\"pl-PL\",\"@id\":\"https:\/\/www.asenglish.pl\/szkola\/#\/schema\/logo\/image\/\",\"url\":\"https:\/\/www.asenglish.pl\/szkola\/wp-content\/uploads\/2018\/12\/aslogo.gif\",\"contentUrl\":\"https:\/\/www.asenglish.pl\/szkola\/wp-content\/uploads\/2018\/12\/aslogo.gif\",\"width\":121,\"height\":86,\"caption\":\"AS School of English\"},\"image\":{\"@id\":\"https:\/\/www.asenglish.pl\/szkola\/#\/schema\/logo\/image\/\"}}]}<\/script>\n<!-- \/ Yoast SEO plugin. -->","yoast_head_json":{"title":"Kontakt szko\u0142a j\u0119zykowa J\u00f3zef\u00f3w - AS School of English","description":"Kontakt ze szko\u0142\u0105 j\u0119zykow\u0105 AS School of English w J\u00f3zefowie ko\u0142o Warszawy.","robots":{"index":"index","follow":"follow","max-snippet":"max-snippet:-1","max-image-preview":"max-image-preview:large","max-video-preview":"max-video-preview:-1"},"canonical":"https:\/\/www.asenglish.pl\/szkola\/kontakt\/","og_locale":"pl_PL","og_type":"article","og_title":"Kontakt szko\u0142a j\u0119zykowa J\u00f3zef\u00f3w - AS School of English","og_description":"Kontakt ze szko\u0142\u0105 j\u0119zykow\u0105 AS School of English w J\u00f3zefowie ko\u0142o Warszawy.","og_url":"https:\/\/www.asenglish.pl\/szkola\/kontakt\/","og_site_name":"AS School of English","article_modified_time":"2019-08-10T13:40:54+00:00","og_image":[{"url":"https:\/\/www.asenglish.pl\/wp-content\/uploads\/2018\/06\/google-maps.png","type":"","width":"","height":""}],"twitter_card":"summary_large_image","twitter_misc":{"Szacowany czas czytania":"1 minuta"},"schema":{"@context":"https:\/\/schema.org","@graph":[{"@type":"WebPage","@id":"https:\/\/www.asenglish.pl\/szkola\/kontakt\/","url":"https:\/\/www.asenglish.pl\/szkola\/kontakt\/","name":"Kontakt szko\u0142a j\u0119zykowa J\u00f3zef\u00f3w - AS School of English","isPartOf":{"@id":"https:\/\/www.asenglish.pl\/szkola\/#website"},"primaryImageOfPage":{"@id":"https:\/\/www.asenglish.pl\/szkola\/kontakt\/#primaryimage"},"image":{"@id":"https:\/\/www.asenglish.pl\/szkola\/kontakt\/#primaryimage"},"thumbnailUrl":"https:\/\/www.asenglish.pl\/wp-content\/uploads\/2018\/06\/google-maps.png","datePublished":"2019-07-21T16:00:22+00:00","dateModified":"2019-08-10T13:40:54+00:00","description":"Kontakt ze szko\u0142\u0105 j\u0119zykow\u0105 AS School of English w J\u00f3zefowie ko\u0142o Warszawy.","breadcrumb":{"@id":"https:\/\/www.asenglish.pl\/szkola\/kontakt\/#breadcrumb"},"inLanguage":"pl-PL","potentialAction":[{"@type":"ReadAction","target":["https:\/\/www.asenglish.pl\/szkola\/kontakt\/"]}]},{"@type":"ImageObject","inLanguage":"pl-PL","@id":"https:\/\/www.asenglish.pl\/szkola\/kontakt\/#primaryimage","url":"https:\/\/www.asenglish.pl\/wp-content\/uploads\/2018\/06\/google-maps.png","contentUrl":"https:\/\/www.asenglish.pl\/wp-content\/uploads\/2018\/06\/google-maps.png"},{"@type":"BreadcrumbList","@id":"https:\/\/www.asenglish.pl\/szkola\/kontakt\/#breadcrumb","itemListElement":[{"@type":"ListItem","position":1,"name":"Strona g\u0142\u00f3wna","item":"https:\/\/www.asenglish.pl\/szkola\/"},{"@type":"ListItem","position":2,"name":"Kontakt szko\u0142a j\u0119zykowa J\u00f3zef\u00f3w"}]},{"@type":"WebSite","@id":"https:\/\/www.asenglish.pl\/szkola\/#website","url":"https:\/\/www.asenglish.pl\/szkola\/","name":"AS School of English","description":"Szko\u0142a j\u0119zykowa w J\u00f3zefowie ko\u0142o Warszawy","publisher":{"@id":"https:\/\/www.asenglish.pl\/szkola\/#organization"},"potentialAction":[{"@type":"SearchAction","target":{"@type":"EntryPoint","urlTemplate":"https:\/\/www.asenglish.pl\/szkola\/?s={search_term_string}"},"query-input":{"@type":"PropertyValueSpecification","valueRequired":true,"valueName":"search_term_string"}}],"inLanguage":"pl-PL"},{"@type":"Organization","@id":"https:\/\/www.asenglish.pl\/szkola\/#organization","name":"AS School of English","url":"https:\/\/www.asenglish.pl\/szkola\/","logo":{"@type":"ImageObject","inLanguage":"pl-PL","@id":"https:\/\/www.asenglish.pl\/szkola\/#\/schema\/logo\/image\/","url":"https:\/\/www.asenglish.pl\/szkola\/wp-content\/uploads\/2018\/12\/aslogo.gif","contentUrl":"https:\/\/www.asenglish.pl\/szkola\/wp-content\/uploads\/2018\/12\/aslogo.gif","width":121,"height":86,"caption":"AS School of English"},"image":{"@id":"https:\/\/www.asenglish.pl\/szkola\/#\/schema\/logo\/image\/"}}]}},"_links":{"self":[{"href":"https:\/\/www.asenglish.pl\/szkola\/wp-json\/wp\/v2\/pages\/131","targetHints":{"allow":["GET"]}}],"collection":[{"href":"https:\/\/www.asenglish.pl\/szkola\/wp-json\/wp\/v2\/pages"}],"about":[{"href":"https:\/\/www.asenglish.pl\/szkola\/wp-json\/wp\/v2\/types\/page"}],"author":[{"embeddable":true,"href":"https:\/\/www.asenglish.pl\/szkola\/wp-json\/wp\/v2\/users\/1"}],"replies":[{"embeddable":true,"href":"https:\/\/www.asenglish.pl\/szkola\/wp-json\/wp\/v2\/comments?post=131"}],"version-history":[{"count":39,"href":"https:\/\/www.asenglish.pl\/szkola\/wp-json\/wp\/v2\/pages\/131\/revisions"}],"predecessor-version":[{"id":257,"href":"https:\/\/www.asenglish.pl\/szkola\/wp-json\/wp\/v2\/pages\/131\/revisions\/257"}],"wp:attachment":[{"href":"https:\/\/www.asenglish.pl\/szkola\/wp-json\/wp\/v2\/media?parent=131"}],"curies":[{"name":"wp","href":"https:\/\/api.w.org\/{rel}","templated":true}]}}